emainder when 58770 is divided by 58732.
38
What is the remainder when 48549 is divided by 16152?
93
Calculate the remainder when 22845 is divided by 2073.
42
Calculate the remainder when 97702 is divided by 24413.
50
What is the remainder when 6344476 is divided by 69?
64
Calculate the remainder when 20528 is divided by 66.
2
Calculate the remainder when 95208 is divided by 26.
22
Calculate the remainder when 6993 is divided by 997.
14
Calculate the remainder when 72658 is divided by 105.
103
Calculate the remainder when 237003 is divided by 38.
35
Calculate the remainder when 10584 is divided by 10492.
92
What is the remainder when 28500 is divided by 2?
0
Calculate the remainder when 865099 is divided by 804.
799
Calculate the remainder when 166702 is divided by 48.
46
Calculate the remainder when 3461 is divided by 1152.
5
What is the remainder when 144232 is divided by 455?
452
Calculate the remainder when 694104 is divided by 29.
18
What is the remainder when 17101 is divided by 713?
702
Calculate the remainder when 806 is divided by 355.
96
What is the remainder when 3346 is divided by 291?
145
What is the remainder when 81496 is divided by 3543?
7
Calculate the remainder when 5337 is divided by 203.
59
Calculate the remainder when 1474 is divided by 1169.
305
Calculate the remainder when 4185 is divided by 1280.
345
Calculate the remainder when 321077 is divided by 331.
7
Calculate the remainder when 69799 is divided by 22.
15
Calculate the remainder when 26789 is divided by 979.
356
What is the remainder when 2261 is divided by 77?
28
What is the remainder when 25420 is divided by 6?
4
What is the remainder when 3562 is divided by 3395?
167
What is the remainder when 1868 is divided by 603?
59
What is the remainder when 77228 is divided by 187?
184
Calculate the remainder when 165612 is divided by 38.
8
Calculate the remainder when 440612 is divided by 8.
4
What is the remainder when 98018 is divided by 17?
13
Calculate the remainder when 1002434 is divided by 23867.
20
Calculate the remainder when 1644 is divided by 517.
93
Calculate the remainder when 13317 is divided by 5777.
1763
Calculate the remainder when 1838 is divided by 311.
283
Calculate the remainder when 1167 is divided by 757.
410
Calculate the remainder when 3932 is divided by 111.
47
Calculate the remainder when 50313 is divided by 20.
13
What is the remainder when 1279 is divided by 721?
558
Calculate the remainder when 534771 is divided by 1076.
1075
What is the remainder when 163883 is divided by 13656?
11
Calculate the remainder when 10994 is divided by 101.
86
Calculate the remainder when 762 is divided by 263.
236
What is the remainder when 210 is divided by 16?
2
What is the remainder when 89896 is divided by 22474?
0
Calculate the remainder when 646654 is divided by 18.
4
What is the remainder when 2474 is divided by 196?
122
Calculate the remainder when 19763 is divided by 9870.
23
What is the remainder when 1500111 is divided by 2019?
2013
Calculate the remainder when 1065141 is divided by 2025.
2016
What is the remainder when 18057 is divided by 177?
3
What is the remainder when 17412 is divided by 300?
12
Calculate the remainder when 3357 is divided by 12.
9
What is the remainder when 13099 is divided by 63?
58
Calculate the remainder when 7415 is divided by 31.
6
Calculate the remainder when 56354 is divided by 289.
288
Calculate the remainder when 48059 is divided by 15.
14
Calculate the remainder when 2696987 is divided by 97.
96
What is the remainder when 597 is divided by 273?
51
Calculate the remainder when 76260 is divided by 18.
12
Calculate the remainder when 139296 is divided by 34.
32
What is the remainder when 7664 is divided by 512?
496
Calculate the remainder when 26620 is divided by 23.
9
What is the remainder when 9998 is divided by 526?
4
What is the remainder when 3078 is divided by 499?
84
What is the remainder when 527411 is divided by 105?
101
Calculate the remainder when 17279 is divided by 524.
511
Calculate the remainder when 2105 is divided by 319.
191
What is the remainder when 37756 is divided by 142?
126
Calculate the remainder when 63642 is divided by 67.
59
What is the remainder when 333 is divided by 132?
69
Calculate the remainder when 63198 is divided by 168.
30
Calculate the remainder when 1084 is divided by 532.
20
Calculate the remainder when 919 is divided by 166.
89
Calculate the remainder when 2536 is divided by 703.
427
Calculate the remainder when 20245 is divided by 235.
35
What is the remainder when 13972 is divided by 84?
28
What is the remainder when 145871 is divided by 3103?
30
What is the remainder when 123831 is divided by 274?
257
What is the remainder when 5124 is divided by 135?
129
Calculate the remainder when 93359 is divided by 133.
126
Calculate the remainder when 311887 is divided by 155936.
15
Calculate the remainder when 44478 is divided by 22215.
48
Calculate the remainder when 1360 is divided by 157.
104
Calculate the remainder when 2899 is divided by 2847.
52
What is the remainder when 496271 is divided by 48?
47
What is the remainder when 146830 is divided by 228?
226
What is the remainder when 6703 is divided by 131?
22
Calculate the remainder when 3667 is divided by 44.
15
What is the remainder when 18301 is divided by 287?
220
What is the remainder when 13150 is divided by 57?
40
What is the remainder when 3021 is divided by 752?
13
What is the remainder when 2727 is divided by 272?
7
Calculate the remainder when 2221 is divided by 554.
5
What is the remainder when 873962 is divided by 91?
89
What is the remainder when 161874 is divided by 52?
50
What is the remainder when 3053 is divided by 65?
63
What is the remainder when 2977 is divided by 643?
405
What is the remainder when 27516 is divided by 412?
324
Calculate the remainder when 308 is divided by 140.
28
Calculate the remainder when 9970 is divided by 110.
70
What is the remainder when 623130 is divided by 49?
46
What is the remainder when 19264 is divided by 24?
16
Calculate the remainder when 17843 is divided by 1052.
1011
Calculate the remainder when 125783 is divided by 12.
11
Calculate the remainder when 9195 is divided by 89.
28
Calculate the remainder when 99119 is divided by 65.
59
Calculate the remainder when 34867 is divided by 92.
91
Calculate the remainder when 557810 is divided by 37.
35
Calculate the remainder when 7831 is divided by 237.
10
Calculate the remainder when 64576 is divided by 3.
1
What is the remainder when 6715 is divided by 76?
27
Calculate the remainder when 147004 is divided by 136.
124
Calculate the remainder when 54981 is divided by 4996.
25
Calculate the remainder when 283390 is divided by 894.
886
What is the remainder when 3727 is divided by 298?
151
What is the remainder when 2589 is divided by 10?
9
Calculate the remainder when 398365 is divided by 422.
419
Calculate the remainder when 94481 is divided by 176.
145
Calculate the remainder when 18926 is divided by 1055.
991
What is the remainder when 6983 is divided by 570?
143
What is the remainder when 234192 is divided by 38?
36
Calculate the remainder when 9773 is divided by 4875.
23
What is the remainder when 277018 is divided by 95?
93
What is the remainder when 89613 is divided by 18?
9
Calculate the remainder when 8159 is divided by 7.
4
Calculate the remainder when 601016 is divided by 135.
131
Calculate the remainder when 2742 is divided by 1366.
10
What is the remainder when 1216 is divided by 1182?
34
Calculate the remainder when 2794013 is divided by 698500.
13
Calculate the remainder when 2003 is divided by 621.
140
Calculate the remainder when 5602708 is divided by 1049.
1048
Calculate the remainder when 27450 is divided by 371.
367
What is the remainder when 129036 is divided by 40?
36
Calculate the remainder when 2096 is divided by 463.
244
Calculate the remainder when 690239 is divided by 1162.
11
Calculate the remainder when 8433 is divided by 50.
33
Calculate the remainder when 4932 is divided by 223.
26
Calculate the remainder when 15987 is divided by 15831.
156
What is the remainder when 6470 is divided by 499?
482
What is the remainder when 29779 is divided by 136?
131
What is the remainder when 71336 is divided by 29?
2